= -3*j**2 - j. Give z(k).
-4
Let f(j) be the second derivative of -j**3/6 + 13*j**2/2 - 72*j. Give f(6).
7
Let o(h) = -h**2 + 9*h - 9. Suppose 0 = 275*j - 280*j + 35. What is o(j)?
5
Let y(o) be the first derivative of -o**4/4 + 4*o**3/3 + 2*o**2 - 4*o + 344. What is y(4)?
12
Let y(j) = -j**3 - 5*j**2 - j. Suppose 2*c + 26 + 26 = 0. Let h = -31 - c. Calculate y(h).
5
Suppose -3*b + 2*l + l = -21, 4*l = -4*b + 28. Suppose -b*y + 17 = -4. Let h(v) = -v**2 + 3*v + 4. Give h(y).
4
Let n(a) = a**2 + 8*a + 1. Let i = -69 - -124. Let l be 1*11*-1 - (i + -59). Determine n(l).
-6
Let m = -66 - -87. Let p be ((-18)/m)/(16/14 - 1). Let h(v) = v**3 + 6*v**2. Give h(p).
0
Suppose -7*k + 5*k - 28 = 0. Let o = -12 - k. Let m(y) = -5*y**2 - 5*y**2 + 1 + 16*y**2 + o*y. Calculate m(-1).
5
Let o(h) = -2*h**2 + h - 3. Suppose -2*q = -4*f - 1 - 5, -2*q + 6 = 2*f. What is o(q)?
-18
Let n be (-12)/9 + 13/3. Let v(p) = p + 1 - 3 + 10*p + n. Give v(2).
23
Let m(w) be the second derivative of w**3/3 - w**2/2 + w. Let n = -1 - -4. Let p be m(n). Let a(c) = c - 2. What is a(p)?
3
Let n(j) = j**2 + 4*j + 3. Let v(p) = p**2 + 5*p + 3. Let a(k) = 2*n(k) - 3*v(k). Suppose 4*s - x = -30, 4*s - s = 2*x - 25. What is a(s)?
-3
Let g(q) = -13*q**2 - 21*q - 1. Let y(n) = -7*n**2 - 26*n - 10*n + 25*n. Let x(k) = 6*g(k) - 11*y(k). Calculate x(-4).
-2
Let m(j) = -j**3 + 8*j**2 + 3. Let f(s) = -s + 1. Let h = 10 - -22. Suppose -2*v - 3 = 4*n + 15, -4*v - 4*n - h = 0. Let i be f(v). Determine m(i).
3
Let z(p) be the third derivative of -p**4/24 + 7*p**3/6 - 29*p**2. Determine z(11).
-4
Suppose 156 = -6*u + 24. Let t = u + 23. Let l(q) = 3*q**3 - q**2 + q - 1. What is l(t)?
2
Let m(c) = 3 + 4 - 3 + 4*c - 1. Let k(r) = 5*r**2 - 8*r + 56 - 36 + r**3 - 29. Let p be k(-6). What is m(p)?
15
Let q be 32/24 + (-20)/6. Let s be (-736)/(-120) + q/15. Let r(b) = -b**2 + 5*b - 2. What is r(s)?
-8
Let l(c) = 3*c**3 + 9*c**2 - 2*c - 1. Let n be l(-3). Let y(w) = -7*w - 5. Let o(i) = 20*i + 15. Let q(r) = 6*o(r) + 17*y(r). Determine q(n).
10
Let m(w) be the third derivative of w**4/24 + w**2. Let j = 3388 - 3396. Give m(j).
-8
Let l(m) be the first derivative of m**4/4 - 10*m**3/3 + 2*m**2 - 3*m - 289. Calculate l(10).
37
Let v(y) be the first derivative of 0*y**2 - 1/6*y**3 - 2/3*y**4 - 4 - 4*y. Let l(s) be the first derivative of v(s). Determine l(-1).
-7
Let p(z) be the first derivative of -z**3/6 + 5*z**2 + 26*z + 4. Let m(h) be the first derivative of p(h). Calculate m(7).
3
Let l(f) = -f**3 - 2*f**2 - 2. Let i be 2/(-2)*(-83 - -85). What is l(i)?
-2
Let p = -5 + 11. Let o(s) = s**3 - 2*s - 6*s**2 + 0 - 2 + p*s. Suppose -270 = -62*b + 8*b. What is o(b)?
-7
Let b(h) be the third derivative of h**5/60 - 5*h**4/24 + h**3 + 5*h**2 - 4. Give b(7).
20
Let q(p) be the first derivative of p**2/2 + 3*p - 1. Let s(l) = -l**3 - 4*l**2 + 6*l + 7. Let n be s(-5). Suppose -n*u - 5 = -u. Calculate q(u).
-2
Let k(t) = -t**2 + t + 13. Suppose 9*w - 192 = -228. Give k(w).
-7
Suppose -57*w - 21 = -64*w. Let r(v) = 7*v + 1. What is r(w)?
22
Let t(i) = i - 2. Let w = 41 + -42. Let l(g) = g + 1. Let m be l(w). Give t(m).
-2
Let g(f) = f**3 - f - 9. Suppose -y - 3*y = -4*u + 20, -5*y = -4*u + 22. Suppose -5 + 2 = 4*k - t, -t + 3 = u*k. Determine g(k).
-9
Suppose -3*j = -10 - 2. Let f(w) = -3 + 6 - 2 + 5*w - j*w. Suppose 2*k = -5*q - 3 - 0, -q - 3 = k. Calculate f(k).
-3
Let z(a) = -a**2 + a. Suppose 5*i + 50 = 9*o - 4*o, 4*o = -i + 20. Let j(u) = -7*u**2 + 14*u + 2. Let v(k) = o*z(k) - j(k). Calculate v(8).
-2
Let l = 17 - 15. Let v be 4 + 0 + (0 - l). Let c(q) = -2*q**v + 5 - 86*q + 3*q**2 + 88*q. Give c(-4).
13
Let p be (-1 - (-36)/6)*6. Suppose 0 + p = -15*v. Let g(y) = -3*y**3 - 2*y**2 - 3*y - 3. Give g(v).
19
Let s(i) = -6*i**3 - i**2 + i + 7. Let v(o) = 5*o**3 + 2*o**2 - o - 6. Let b = 69 + -63. Let d(g) = b*s(g) + 7*v(g). Determine d(8).
-8
Suppose -4*p + 3 = -m, -p - p + 2*m = 0. Let g(d) = -d**2 + 10*d - 12. Let j be g(8). Let n(k) = -8*k + 2 - j + 2. Determine n(p).
-8
Let g(v) = -v**3 + 24*v**2 - 23*v - 6. Let s be g(23). Let o be (s/(-4))/(7/(-4) + 2). Let p(n) = -n**3 + 5*n**2 + 4*n + 5. Determine p(o).
-7
Let z = 12 - 6. Let p(f) = -3*f**2 + z*f**2 - 2*f**2 + 1 - 7*f + 8. Suppose 4*d = 10 + 14. Determine p(d).
3
Let q(d) = -d**3 + 3*d**2 + 1. Let b = 0 - -6. Suppose -8 = 4*y - b*y. Determine q(y).
-15
Suppose 0 = 2*z + 3*z - 4*g + 10, -5*z + 3*g - 5 = 0. Let m be z*((-75)/6 + 2). Let r be 123/m + (-1)/7. Let s(q) = -q**3 - 5*q**2 + 4*q - 5. Determine s(r).
7
Let i = -1105 + 1113. Let p(s) = s**3 - 8*s**2 + 2*s - 12. Calculate p(i).
4
Let q(s) = s**2 - 27 - 4 + 31 - 7*s + s. Calculate q(6).
0
Let p(y) be the second derivative of -y**4/6 - y**2/2 + 8*y. Suppose -2 = -5*t + 7*t. Determine p(t).
-3
Suppose 158 = -16*y + 126. Let s(x) = 4*x + 6. What is s(y)?
-2
Let t(c) = -2 + 2*c - 1 - 3*c. Suppose -17*b = 578 - 510. Give t(b).
1
Let t(s) be the first derivative of -s**4/4 + 2*s**3/3 - 2*s - 8. Let w = -34 + 36. Calculate t(w).
-2
Let b(w) be the first derivative of w**7/840 - w**6/36 + 3*w**5/40 + 5*w**4/24 + w**3 - 39. Let r(c) be the third derivative of b(c). Calculate r(9).
5
Let h(p) = -2*p + 3*p + 2 + p. Let c = 272 + -275. What is h(c)?
-4
Suppose 2*n + 4*i = i + 34, 2*n - 14 = 2*i. Suppose 0 = 5*v - n + 31, -5*t + v - 16 = 0. Let b(y) = y + 9. What is b(t)?
5
Let p(q) = -q**2 - 10*q. Suppose 2*f = 5*w, -f - 3*w - w = 26. Calculate p(f).
0
Let m(r) = -2*r + 4. Let d(g) = -2*g - 35. Let q be d(-19). What is m(q)?
-2
Let o = -45 - -56. Let f = -12 + o. Let l(y) = 7*y**2 - y. Give l(f).
8
Let b = 4 - 1. Let m(l) = -23*l + 3. Let k(i) = 30*i - 3. Let o(a) = 3*k(a) + 4*m(a). Calculate o(b).
-3
Let u(l) be the first derivative of l**2/2 - 18*l - 358. Calculate u(14).
-4
Suppose -2*x - 10 = -7*x, p + 4*x = 12. Suppose -8 = -0*u - p*u. Let v(i) be the first derivative of -2*i**3/3 + 2*i**2 - 2*i - 2. Give v(u).
-2
Let v(o) be the second derivative of o**4/12 + o**3/2 - o**2/2 + o + 28. Let m = 4 - -2. Let g = -10 + m. Give v(g).
3
Let x(w) = -w**2 - 4*w - 12. Let t(z) = z**2 + 2*z + 12. Let v(n) = 2*t(n) + 3*x(n). Calculate v(-4).
4
Let t(h) = 206*h + 9*h**3 - 9 + 8 + 2*h**2 - 205*h. What is t(1)?
11
Suppose q - 12 = -q + v, -6 = 3*v. Let j(f) = 110 - 107 + 29*f - 36*f + f**2. Give j(q).
-7
Let r = 17 + 6. Let m(j) = j + r*j**3 - j**2 - 3*j**2 + 3*j - 3 - 22*j**3. What is m(3)?
0
Let q(n) be the first derivative of -n**3/3 - 2*n**2 - 2*n - 3. Suppose 145 = 14*k + 215. What is q(k)?
-7
Let p(x) be the second derivative of -5*x**4/24 - x**3/6 + 39*x**2/2 - 2*x - 28. Let j(k) be the first derivative of p(k). Calculate j(-1).
4
Let j(n) be the third derivative of n**4/12 + 4*n**3/3 + 8*n**2. Let v = 19 + -26. What is j(v)?
-6
Let i = -3 - -10. Let c(r) = 2*r - 2. Let x be c(i). Let k = x + -13. Let b(u) = 4*u + 1. Determine b(k).
-3
Suppose 0 = -3*o + h - 21, 3*h - 36 = 5*o + h. Let f(i) = -7. Let m(v) = v + 6. Let t(a) = -3*f(a) - 4*m(a). Calculate t(o).
21
Let j(t) = -10*t + 6. Let v(k) = k - 1. Let l(a) = -j(a) - 4*v(a). Suppose -11*p + 12 = -32. Give l(p).
22
Let p(l) = -l**3 - l**2 - l + 1. Let j(m) = -m**3 + m**2 + m - 6. Let r be j(0). Let i(h) = h**3 + 6*h**2 - h + 8. Let a be i(r). Let v = -16 + a. Give p(v).
7
Suppose 0 = -3*c + 6, 2*c = 4*q - 0*c - 48. Let d = -9 + q. Let f(h) = -3*h + 6*h**2 - h**3 - 3 + 4 - d*h**2 + 0*h**3. What is f(2)?
-5
Suppose 0 = -2*i + 48 - 144. Let u = i - -46. Let r(d) = -2*d**2 - 3*d - 1. Determine r(u).
-3
Let o(c) = 8*c + 11*c - 13*c + 5 + c**2. Determine o(-4).
-3
Let r(f) = -19*f + 125. Let c(v) = 7*v - 46. Let q(o) = 11*c(o) + 4*r(o). Suppose -7*u = -3*u - 60. Suppose 0 = 3*h - u - 3. Calculate q(h).
0
Let u(z) = 18*z**2 + 5*z - 4. Let m be u(1). Let k(n) = -1 + 9 - m*n + 21*n. Let q be (-1)/(-2) - (-30)/(-4). Determine k(q).
-6
Let t(u) be the second derivative of 0 + u**2 - 3/2*u**3 + 1/12*u**4 - 36*u. Give t(9).
2
Let c(u) = 6*u - 3. Let j(i) = 13*i - 7. Let q(t) = 7*c(t) - 3*j(t). Let k be 7 - (2 + -1 + 3). Let z(w) = 3*w. Let d(p) = k*q(p) - 2*z(p). Give d(-2).
-6
Let b(l) = 4*l + 2. Let k(w) be the second derivative of 4*w**3/3 + 3*w**2/2 + 12*w. Let t(u) = 5*b(u) - 3*k(u). Determine t(-2).
9
Let q(h) be the second derivative of -h**4/12 + h**3 + 3*h**2/2 +